= 0. Let i(f) = 6*f + 1. What is i(s)?
13
Let b(l) be the second derivative of l**5/20 - l**4/12 - l**3/6 + l**2 + 3*l - 261. Determine b(0).
2
Let l be 16/(-56) + 54/(-7). Suppose 2*j + 2 = -3*s, s - 2*j - 15 = -5. Let t(w) = -19*w**s - w**3 + 3 - 2*w**3 + 4*w**3 + 9*w + 28*w**2. Calculate t(l).
-5
Let j(v) = v**2 - 25*v + 117. Let l(s) = -s**2 + 202*s + 1918. Let h be l(-9). Give j(h).
3
Let b = -1865 + 1902. Let x(z) = -z + 40. Give x(b).
3
Let k(d) = d**2 + 5*d + 5. Let p(x) = x**3 + 19 - 34 + 5 - 9*x + 2*x**2. Let g be p(-4). Give k(g).
11
Let p be (325/10)/(-13)*-2. Let t(b) = -p - b + 4 - 6 - 6 - b. Determine t(-7).
1
Let y(d) = d - 1. Let l(s) = -2*s + 2. Let h(i) = 4*l(i) + 7*y(i). Let c be -2*(-7 + 1 - (-42 - -40)). Determine h(c).
-7
Let a(i) be the first derivative of 1/4*i**4 + 0*i**3 + i + 321 - 1/2*i**2. Give a(-2).
-5
Let s(k) = 2*k**3 + 35*k**2 + 18*k + 16. Suppose -109*x - 33*x - 1327 - 1087 = 0. Calculate s(x).
-1
Suppose 2*j + 68 = 1067*p - 1070*p, 4*p + j = -104. Let u(r) = r + 25. Determine u(p).
-3
Let h(x) = 53*x - 1599. Let p be h(30). Let z(l) = -l**3 - 10*l**2 - 4*l + 21. Give z(p).
-24
Let j(r) = -r + 1. Let q be 3 - 0 - (-5 + -77). Let f = -78 + q. Let l(y) = -2*y + 8. Let b be l(f). What is j(b)?
7
Let z(b) = 689*b + 15154. Let f be z(-22). Let q(r) be the second derivative of -5*r**3/6 + 3*r**2/2 - r. Calculate q(f).
23
Let s(t) = 5011 - 1248 - 1284 - 1254 - 1266 - 22*t. Calculate s(-1).
-19
Let o(g) = 4*g + 2 - 4 + 7 - 2 + 8. Calculate o(11).
55
Let m = 143 + 81. Let n = m - 234. Let d(z) = z + 12. Give d(n).
2
Let w(b) be the first derivative of b**6/360 - 5*b**3/3 + 9*b + 28. Let l(c) be the third derivative of w(c). What is l(-5)?
25
Let w = -201 + 205. Suppose -3*g - 42 = -w*d - g, 2*g = -6. Let s(q) = q + 2. Determine s(d).
11
Suppose 0 = -2*z + 3*c - 1025, -2*z = 3*z - 5*c + 2575. Let w = -514 - z. Let r(m) = m - 6. Determine r(w).
0
Let r(h) = -h**2 - 24*h - 123. Let y be r(-14). Let a(j) = 16 + 3*j + y*j**2 + 10*j**2 - 2*j - 26*j**2. Give a(0).
16
Let s = 102 - 87. Suppose -11*y = -s*y + 28. Let o(h) = 2*h + 5. Give o(y).
19
Let a be ((-15)/6 + 2)/(7/(-154)). Let s(n) = -n**2 + 10*n + 6. Determine s(a).
-5
Let m(b) = b**3 + 5*b**2 + 4*b - 4. Let v = 9 + 15. Let p(h) = 41*h - 287. Let f be p(7). Suppose f = v*q - 26*q - 8. What is m(q)?
-4
Let c be 0/((-16)/2 + 6). Let m(s) = -4*s**2 + 5 - 8*s + 3*s**2 - 6 + c*s**2. Determine m(-7).
6
Let v(h) = -h**3 + 7*h**2 - 5*h - 3. Let m be v(6). Let r(l) = -l**2 + 2*l + 1. Let s(o) = -3*o**2 + 9*o - 5. Let c(u) = 4*r(u) - s(u). Determine c(m).
-3
Let t(a) = -3*a + 2. Suppose 5*d - 25 = -15. Let x(g) = g**3 - 3*g - 3. Let m be x(d). What is t(m)?
5
Suppose 0 = 37*a - 42*a. Suppose -f = j, 5*f + 0*j - 3*j - 8 = a. Let m be 3 - 4 - (3 + f). Let q(o) = -o**3 - 5*o**2 - o + 5. Calculate q(m).
10
Let y = -45 - -46. Let u = y + 2. Let x(v) = v**3 - 3*v**2 + 4*v - 4. Give x(u).
8
Let m(f) = f**3 + 5*f**2 - 6*f - 4. Suppose -212 = -36*s + 616. Let r be -1*s/4 + 2/(-8). What is m(r)?
-4
Let u(r) = -28*r**2 - 9*r + 40. Let q(j) = -j + 6. Let n(x) = -6*q(x) + u(x). Determine n(-2).
-102
Let z(f) = -f**3 + 4 + 11*f**2 - 7 + 0. Let x(i) = -i + 33. Let w be x(20). Suppose 0 = -5*n - 5*k + 50, 7*n - 6*n - 2*k = w. Determine z(n).
-3
Let c = -675 + 692. Suppose -7*s = -3 + c. Let d(h) = -h**2 + 2 + 3 - h - 6. What is d(s)?
-3
Suppose -20514 + 20568 = 27*p. Let d(h) = -7*h**2 - h + 3. Let q(y) = 13*y**2 + y - 5. Let r(w) = -7*d(w) - 4*q(w). What is r(p)?
-7
Let l(g) = -14 + 32*g + 5 + 9 - 34*g. Let r be (-23)/(-3) - (-13)/39. Determine l(r).
-16
Let c(v) = -15*v + 169. Let n(a) = 46*a - 542. Let f(y) = -7*c(y) - 2*n(y). Determine f(5).
-34
Suppose -d - 4*n - 200 = -4*d, 3*d - 188 = -2*n. Suppose -143*j = -151*j - d. Let y(g) = g**2 + 10*g + 3. What is y(j)?
-13
Let f(n) be the second derivative of 23*n**3/6 + 75*n**2/2 + 1079*n. Calculate f(-3).
6
Let h(x) = x**2 - 13*x - 1. Let m(w) = 52*w**3 - w**2 - w. Let q be m(-1). Let f be 6*(-1)/24*q. Give h(f).
-1
Let o(d) = -88 - 7*d + 29 + 28 + 32. Suppose 7 = -4*i - 1. Let r(q) = 15*q - 3. Let m(f) = i*r(f) - 5*o(f). Calculate m(-1).
-4
Let d(p) = p**3 + 25*p**2 + p + 28. Let w be d(-25). Suppose -12 = s - w. Let i(r) = 2*r + 11. Give i(s).
-7
Let r = 16534 - 16534. Let l(m) be the third derivative of m**3 - 6*m**2 + 5/24*m**4 + 1/120*m**6 + 1/10*m**5 + 0*m + r. Calculate l(-5).
6
Let f(b) be the third derivative of -b**6/120 + 7*b**5/30 - 11*b**4/24 + 2*b**3 - 174*b**2. What is f(13)?
38
Let c(n) be the first derivative of -n**3/3 - 11*n**2/2 - 28*n - 178540. Let p be -1 - (5 - 2/2). Calculate c(p).
2
Suppose -3*l = 6, 5*h + 14*l - 34 = 16*l. Suppose -40 = -5*o + 4*j - h*j, 5*o = 2*j + 40. Let i(c) = -c - 6. Give i(o).
-14
Let i(t) = 54*t + 276. Let a be 2*(-5)/5*5/2. Let u be i(a). Let l(c) = -c**3 + 6*c**2 + 4*c - 10. Determine l(u).
14
Let i(l) = -3*l + 4. Let h = -113 - -118. Suppose -3*j + 22 = -4*j - h*f, 5*f = -25. What is i(j)?
-5
Let b(k) = -k - 3. Suppose -2*n - 2*q = q - 38, 2*q = -n + 21. Let r(p) = -p**3 + 30 + 14*p**2 + 14*p - n - 4. Let o be r(15). Give b(o).
-1
Suppose -2*c + 70 = 5*o, -9*o - 41 = -c - 13*o. Suppose c*p + 7 + 68 = 0. Let d(j) = 3*j + 10. Determine d(p).
1
Let d(u) be the first derivative of 1/2*u**2 + 5*u + 38. Let c be (-60)/14 - (-4)/14. Calculate d(c).
1
Let l(y) = -11*y + 70. Let w be l(6). Let j(d) be the third derivative of -d**5/60 + d**4/4 - 4*d**3/3 + 22*d**2. Calculate j(w).
0
Let q(b) = 3*b - 5. Let s(z) = -z**2 - 7*z + 11. Let c(l) = 9*q(l) + 4*s(l). Let m(x) = -929*x - 1859. Let n be m(-2). What is c(n)?
-4
Let w(y) = -7*y. Let i(m) = -20*m. Let q(o) = -6*i(o) + 17*w(o). Suppose 5*d = -2*l - 6198, 7*d - 10*d = 3*l + 3717. Let r = d + 1240. What is q(r)?
0
Suppose 4*v = 36 - 16. Suppose 0*m = v*m - 2*g - 150, 30 = m + g. Let j = -27 + m. Let f(u) = -2*u - 3. Calculate f(j).
-9
Let s(h) = -17*h**2 + 660*h + 147. Let c(w) = -2*w**2 + 72*w + 16. Let j(m) = 55*c(m) - 6*s(m). Suppose 4*k = k + 6. What is j(k)?
-34
Let q(c) = -47*c - 1. Let t(z) = -283*z - 23. Let y(x) = 6*q(x) - t(x). Determine y(-6).
11
Let w(o) = -o - 4. Let b(a) = -a**3 - a**2 + 9*a - 3. Let f be b(-7). Suppose 0 = -x - 5*x - f. Let c = -34 - x. Calculate w(c).
-8
Let f(n) = n**3 - 4*n**2 - n - 4. Let m = -4 - -8. Let a = 15 - 11. Suppose -4*s + 5*s = m*c + a, 4*s + 3*c - 16 = 0. Give f(s).
-8
Let d(h) = h**2 + h + 2. Let y(z) = 2*z**2 + 45*z - 2. Let j(i) = 5*d(i) - y(i). Calculate j(13).
-1
Let y(m) be the third derivative of -228*m**2 - 1/60*m**5 + 13/6*m**3 + 0 - 5/12*m**4 + 0*m. Give y(-11).
2
Let l(m) be the third derivative of 3/2*m**3 + 0 - 17*m + 2*m**2 + 1/8*m**4. Calculate l(-6).
-9
Let b(w) = -w**2 - 9*w - 6. Suppose 0*h = -3*x + h + 125, -5*h - 37 = -x. Suppose 10*v + x = 4*v. Calculate b(v).
8
Let a(g) = -g**3 - 47*g + 94 - 379 + 95 - 31*g + 117 - 40*g**2. What is a(-38)?
3
Let i(v) = 9556*v**2 - 4791*v**2 + 2*v + 10 + v**3 - 4766*v**2 - 10*v. Determine i(0).
10
Let a(d) = -d**2 - 61*d + 75. Let z be a(-62). Let o(u) = 19*u - 249. Calculate o(z).
-2
Suppose 2*y - 3*d + 24 = 4, 2*y + 2*d + 10 = 0. Let u(b) = 7*b**2 - 3 - 2 + b**3 - 10 - 2*b. Let h be u(y). Let a(v) = 5*v + 1. Give a(h).
-4
Let y(a) = 11*a**3 - 3*a**2 - 4*a - 2. Let c be y(-1). Let h(p) = 7*p**2 + 12*p - 12. Let k(u) = -9*u**2 - 12*u + 12. Let b(x) = -4*h(x) - 3*k(x). Give b(c).
12
Suppose -24 + 45 = 3*x. Let t(y) = -x*y - 18 + y + 0*y + 4*y. Calculate t(-13).
8
Let t(g) = 89*g - 9. Let o be t(-2). Let d = o + 188. Let m(a) = 26*a**2 - a + 1. What is m(d)?
26
Let n(z) be the second derivative of -z**5/20 + z**4 + 13*z**3/6 + 13*z**2/2 + 1403*z + 2. Give n(13).
13
Let z = 165 + -163. Let w(r) = -13*r**2 + 7 + 3*r**z + 19*r**2 + r**3. Give w(-9).
7
Let s(d) be the first derivative of -2*d**3 - 5*d**2/2 + 5*d - 74. Let b(w) = 7*w**2 + 6*w - 6. Let q(k) = -5*b(k) - 6*s(k). Calculate q(-4).
16
Let f(u) = 12*u. Let p(a) = 8*a + 34. Let s be p(-4). Suppose -s = -9*x + 7*x. Calculate f(x).
12
Let g(b) = -5*b - 179. Suppose -4*j - 197 = 5*t, -5*j - 174 = 5*t + 26. Give g(t).
6
Let b(k) = -4*k**2 + 9*k - 2. Suppose -4*n - 4 = 2*s, n - 2*s = 5 - 21. Calculate b(n).
-102
Let r(h) = -17*h**2 - 10*h - 2. Let i(x) = 30*x**2 + 20*x + 6. Let u(k) = 4*i(k) + 7*r